
What are the prime factors of 77178?
2, 3, 19, 677
List the prime factors of 17912.
2, 2239
List the prime factors of 798.
2, 3, 7, 19
List the prime factors of 50010.
2, 3, 5, 1667
List the prime factors of 81699.
3, 113, 241
What are the prime factors of 1383?
3, 461
List the prime factors of 1325.
5, 53
List the prime factors of 247.
13, 19
What are the prime factors of 1049?
1049
What are the prime factors of 123066?
2, 3, 43, 53
What are the prime factors of 722?
2, 19
What are the prime factors of 4144?
2, 7, 37
List the prime factors of 68.
2, 17
List the prime factors of 8170.
2, 5, 19, 43
List the prime factors of 1321.
1321
List the prime factors of 9757.
11, 887
What are the prime factors of 7?
7
List the prime factors of 53212.
2, 53, 251
List the prime factors of 932.
2, 233
List the prime factors of 11235.
3, 5, 7, 107
List the prime factors of 1659.
3, 7, 79
What are the prime factors of 207?
3, 23
List the prime factors of 44809.
44809
List the prime factors of 17138.
2, 11, 19, 41
List the prime factors of 117728.
2, 13, 283
List the prime factors of 107568.
2, 3, 83
What are the prime factors of 1310?
2, 5, 131
What are the prime factors of 54?
2, 3
What are the prime factors of 382?
2, 191
What are the prime factors of 4328?
2, 541
List the prime factors of 968.
2, 11
List the prime factors of 13255.
5, 11, 241
What are the prime factors of 33789?
3, 7, 1609
List the prime factors of 12917.
12917
What are the prime factors of 3810?
2, 3, 5, 127
What are the prime factors of 165?
3, 5, 11
What are the prime factors of 13301?
47, 283
What are the prime factors of 240?
2, 3, 5
List the prime factors of 1208.
2, 151
List the prime factors of 2563.
11, 233
List the prime factors of 4336.
2, 271
What are the prime factors of 803?
11, 73
What are the prime factors of 6868?
2, 17, 101
What are the prime factors of 21757?
21757
What are the prime factors of 2872?
2, 359
List the prime factors of 12401.
12401
What are the prime factors of 6724?
2, 41
What are the prime factors of 1451?
1451
List the prime factors of 966.
2, 3, 7, 23
What are the prime factors of 28117?
31, 907
What are the prime factors of 26907?
3, 8969
What are the prime factors of 915?
3, 5, 61
List the prime factors of 119305.
5, 107, 223
List the prime factors of 118607.
83, 1429
List the prime factors of 3525.
3, 5, 47
List the prime factors of 6920.
2, 5, 173
What are the prime factors of 368?
2, 23
List the prime factors of 15631.
7, 11, 29
What are the prime factors of 197?
197
List the prime factors of 10410.
2, 3, 5, 347
What are the prime factors of 694?
2, 347
What are the prime factors of 1544?
2, 193
What are the prime factors of 2874?
2, 3, 479
List the prime factors of 16566.
2, 3, 11, 251
What are the prime factors of 684?
2, 3, 19
What are the prime factors of 552?
2, 3, 23
List the prime factors of 236.
2, 59
List the prime factors of 1996.
2, 499
List the prime factors of 14843.
14843
List the prime factors of 1548.
2, 3, 43
List the prime factors of 45641.
45641
What are the prime factors of 3804?
2, 3, 317
What are the prime factors of 423?
3, 47
List the prime factors of 48467.
17, 2851
What are the prime factors of 3270?
2, 3, 5, 109
List the prime factors of 2207.
2207
List the prime factors of 14437.
14437
List the prime factors of 2500.
2, 5
List the prime factors of 12685.
5, 43, 59
What are the prime factors of 1012?
2, 11, 23
List the prime factors of 3125.
5
List the prime factors of 20851.
29, 719
List the prime factors of 527.
17, 31
List the prime factors of 5082.
2, 3, 7, 11
List the prime factors of 1117.
1117
List the prime factors of 14968.
2, 1871
What are the prime factors of 1735?
5, 347
List the prime factors of 23660.
2, 5, 7, 13
What are the prime factors of 1008?
2, 3, 7
List the prime factors of 1371.
3, 457
List the prime factors of 2345.
5, 7, 67
List the prime factors of 243.
3
What are the prime factors of 4344?
2, 3, 181
What are the prime factors of 1637?
1637
List the prime factors of 26521.
11, 2411
List the prime factors of 7687.
7687
List the prime factors of 846.
2, 3, 47
List the prime factors of 10442.
2, 23, 227
What are the prime factors of 77551?
77551
What are the prime factors of 14558?
2, 29, 251
What are the prime factors of 3224?
2, 13, 31
What are the prime factors of 481?
13, 37
What are the prime factors of 671?
11, 61
What are the prime factors of 3026?
2, 17, 89
List the prime factors of 907.
907
What are the prime factors of 517?
11, 47
List the prime factors of 361.
19
List the prime factors of 68057.
11, 23, 269
What are the prime factors of 277?
277
What are the prime factors of 246?
2, 3, 41
List the prime factors of 731.
17, 43
List the prime factors of 4505.
5, 17, 53
What are the prime factors of 15355?
5, 37, 83
What are the prime factors of 13179?
3, 23, 191
List the prime factors of 112.
2, 7
What are the prime factors of 35528?
2, 4441
What are the prime factors of 20769?
3, 7, 23, 43
What are the prime factors of 4365?
3, 5, 97
List the prime factors of 5522.
2, 11, 251
List the prime factors of 725.
5, 29
List the prime factors of 1482.
2, 3, 13, 19
What are the prime factors of 374?
2, 11, 17
List the prime factors of 116921.
7, 16703
List the prime factors of 1417.
13, 109
What are the prime factors of 7776?
2, 3
What are the prime factors of 50472?
2, 3, 701
List the prime factors of 145.
5, 29
What are the prime factors of 5378?
2, 2689
What are the prime factors of 682?
2, 11, 31
What are the prime factors of 375?
3, 5
What are the prime factors of 183707?
183707
What are the prime factors of 693?
3, 7, 11
List the prime factors of 4291.
7, 613
What are the prime factors of 129842?
2, 64921
What are the prime factors of 2094?
2, 3, 349
What are the prime factors of 492?
2, 3, 41
List the prime factors of 384.
2, 3
What are the prime factors of 53501?
7, 7643
What are the prime factors of 2839?
17, 167
List the prime factors of 33.
3, 11
List the prime factors of 1042.
2, 521
List the prime factors of 4494.
2, 3, 7, 107
What are the prime factors of 1355?
5, 271
What are the prime factors of 19671?
3, 79, 83
What are the prime factors of 152145?
3, 5, 7, 23
List the prime factors of 16369.
16369
What are the prime factors of 6420?
2, 3, 5, 107
What are the prime factors of 7401?
3, 2467
List the prime factors of 107286.
2, 3, 17881
List the prime factors of 4589.
13, 353
List the prime factors of 8263.
8263
List the prime factors of 66780.
2, 3, 5, 7, 53
What are the prime factors of 20655?
3, 5, 17
What are the prime factors of 96242?
2, 48121
What are the prime factors of 535?
5, 107
List the prime factors of 10080.
2, 3, 5, 7
List the prime factors of 4917.
3, 11, 149
List the prime factors of 16533.
3, 11, 167
List the prime factors of 9818.
2, 4909
List the prime factors of 3385.
5, 677
List the prime factors of 762.
2, 3, 127
List the prime factors of 19550.
2, 5, 17, 23
What are the prime factors of 6168?
2, 3, 257
List the prime factors of 553.
7, 79
List the prime factors of 128707.
17, 67, 113
List the prime factors of 554.
2, 277
What are the prime factors of 3857?
7, 19, 29
What are the prime factors of 1544?
2, 193
What are the prime factors of 4334?
2, 11, 197
List the prime factors of 1562.
2, 11, 71
What are the prime factors of 49354?
2, 24677
List the prime factors of 16356.
2, 3, 29, 47
What are the prime factors of 5220?
2, 3, 5, 29
List the prime factors of 9490.
2, 5, 13, 73
List the prime factors of 815.
5, 163
What are the prime factors of 20179?
17, 1187
What are the prime factors of 1964?
2, 491
List the prime factors of 5367.
3, 1789
List the prime factors of 30888.
2, 3, 11, 13
List the prime factors of 3281.
17, 193
What are the prime factors of 2668?
2, 23, 29
What are the prime factors of 51659?
51659
What are the prime factors of 54?
2, 3
What are the prime factors of 11262?
2, 3, 1877
What are the prime factors of 57404?
2, 113, 127
List the prime factors of 5945.
5, 29, 41
List the prime factors of 116760.
2, 3, 5, 7, 139
What are the prime factors of 15782?
2, 13, 607
List the prime factors of 70050.
2, 3, 5, 467
What are the prime factors of 1402?
2, 701
List the prime factors of 4115.
5, 823
What are the prime factors of 13443?
3, 4481
